 2*u**2 - 2*u**2 + 6*u**2 + 4*u**2 + 3. What are the prime factors of d(x)?
43
Let h = -6142 + 6628. What are the prime factors of h?
2, 3
Suppose 32*f - 3*p = 36*f - 32583, 3*f = -3*p + 24441. List the prime factors of f.
2, 3, 23, 59
Let x(y) = 250*y - 102. List the prime factors of x(77).
2, 4787
Suppose 45*y = 23*y + 129272. List the prime factors of y.
2, 13, 113
Let d(j) be the first derivative of j**3/3 - 4*j**2 + 9*j + 7. Let y be d(7). Suppose -5*a + 405 = 5*l, -l - 55 = -y*a + 107. List the prime factors of a.
3
Suppose 0 = 4*l - 4, -35*l + 5801 = j - 32*l. What are the prime factors of j?
2, 13, 223
Let m(p) be the third derivative of 2/5*p**6 + 9*p**2 + 1/2*p**3 + 0*p + 0 + 0*p**5 - 1/6*p**4. List the prime factors of m(1).
47
Let u(q) = 2029*q - 1857. List the prime factors of u(7).
2, 6173
Let n = -157 + 285. Let u = n - 64. Suppose -62*l + u*l - 252 = 0. What are the prime factors of l?
2, 3, 7
Let m(r) = 2*r + 50. Let g be m(-23). Let d(a) = -g*a + 2*a**2 - 25*a**3 + 4*a + 2*a. List the prime factors of d(-1).
5
Let g(o) = 960*o + 501. What are the prime factors of g(17)?
3, 7, 89
Suppose 0 = 17*q - 59860 - 65685. What are the prime factors of q?
5, 7, 211
Let n(t) = -15*t**3 + 2*t**2 - 2*t - 6. Let s(q) = -3*q - 10. Let j be s(-2). Let d be n(j). Suppose 0 = h + 6*h - d. What are the prime factors of h?
2, 71
Suppose 4*d - 38042 = -3*h, 34*d - 37*d - 5*h + 28537 = 0. List the prime factors of d.
37, 257
Let j = 781 - -209. Suppose -4*i - j = 58. Let s = 403 + i. What are the prime factors of s?
3, 47
Let v be 2/1*3*10/(-30). Let m = v - -7. Suppose -5*r + 60 = 5*h, -4*h - m*r + 33 = -17. List the prime factors of h.
2, 5
Let b = 20246 - -9334. List the prime factors of b.
2, 3, 5, 17, 29
Let k = 17663 - 9643. List the prime factors of k.
2, 5, 401
Let a(j) = j**2 + 7*j + 15. Let l be a(-3). Suppose -3*w = c - 2077 - 114, -l*c - 15 = 0. What are the prime factors of w?
2, 3, 61
Let m(i) = 67*i**3 + 3*i**2 - 15*i + 7. Let x be m(2). Let l = x + 148. List the prime factors of l.
673
Suppose -435 = -5*d + 2*x, d + x = -d + 183. Suppose 2627 - 5394 = -66*m + 3833. Let h = m - d. List the prime factors of h.
11
Suppose 2*g + 8 = -2, -k - g = 7. List the prime factors of ((-28084)/20)/(-7)*(k + 7).
17, 59
Suppose 0 = -5*n - 11*m + 8*m + 35, -3*m - 5 = -5*n. Suppose -3*z - 2*p = -1359, -4*z + 1812 = n*p - 2*p. What are the prime factors of z?
3, 151
Let u be ((-17)/(-5) - 4)/(2/10). List the prime factors of 5/u + (-15624)/(-27) + -10.
3, 7
Let q(y) be the third derivative of -y**5/20 + 5*y**4/8 + 3*y**3 - 5*y**2. Let z be q(-8). Let s = -203 - z. What are the prime factors of s?
7, 13
Let r = 42 + 1. Suppose -13*f - r = -14*f. Suppose -42*n = -f*n + 47. What are the prime factors of n?
47
Suppose 8*z - 4 = 7*z. Suppose -2*n + j - 2 = 0, -3*n + 0*j + 8 = z*j. Let v = n + 14. What are the prime factors of v?
2, 7
Let t(c) = -c**2 - 4*c + 1. Let u be t(-3). Let q(o) = -266*o - 2. Let s be q(-1). Suppose 0 = -u*i - 0*i + s. What are the prime factors of i?
2, 3, 11
What are the prime factors of 116*((-28797)/12)/(-29)?
29, 331
Let y be (135/(-36))/(1/(-4)). Suppose y*m = 9*m - 126. List the prime factors of m/(2*2/(-48)).
2, 3, 7
Let g(b) = 50*b**2 - 10*b + 17. Let m be g(3). Suppose -727 = -5*u + 2*k, 3*u - 4*k - 2 = m. List the prime factors of u.
5, 29
Suppose 12*z - 1520 = -8*z. Let w(o) = -o**3 + o + 138. Let h be w(0). Let s = h - z. What are the prime factors of s?
2, 31
Let o be -212 - (-4 - 1/1). Let v = o - -142. Let d = 118 - v. List the prime factors of d.
3, 61
Suppose 72 = i + 5*i. Let o = -25 + 25. Suppose o = 3*h - 60 - i. List the prime factors of h.
2, 3
Let v(h) = -54*h - 14. Let r(x) = 36*x + 9. Let s(q) = 7*r(q) + 5*v(q). Suppose -3*c + 5*t = -1 - 3, -8 = c + 3*t. What are the prime factors of s(c)?
29
Suppose 148676 = 23*f + 44*f - 5*f. List the prime factors of f.
2, 11, 109
Suppose 58374 = 130*o - 107*o. List the prime factors of o.
2, 3, 47
Suppose 13*w + 25*w - 793746 = -16*w. What are the prime factors of w?
14699
Suppose -1019 = -3*d - x, 2*d - 4*x + 110 - 780 = 0. Let n = d - -54. List the prime factors of n.
3, 131
Let k(i) be the first derivative of 49*i**3/3 + 2*i**2 - 4. What are the prime factors of k(-4)?
2, 3
Suppose 6*p - 360 = -3*p. Let a = -42 + p. Let s(c) = -20*c. What are the prime factors of s(a)?
2, 5
Let f = 150 + -92. Let a = f - 52. Suppose 4 = -a*v + 298. What are the prime factors of v?
7
Let h = -224 + 238. Let t = h + 51. What are the prime factors of t?
5, 13
Let a(g) = 7*g**2 + 31*g + 19. Let u be -5 + 11/((-99)/54). What are the prime factors of a(u)?
3, 5, 7
Let b be 14/5*-38 + (-4)/(-10). Let c = b - -286. Suppose c = 3*t + 12. List the prime factors of t.
2, 7
Let d = 956 - 960. Let v(h) = 27*h**2 + 5*h + 18. What are the prime factors of v(d)?
2, 5, 43
Let i(q) = 12*q - 51. Let h be i(-9). Let b = -121 - h. List the prime factors of b.
2, 19
Suppose -2*w + 1750 = c, 2*c - 2434 = 5*w + 1102. What are the prime factors of c?
2, 3, 293
Let f be 2743/26 + 1/((-6)/3). Let p = f + -85. Let o = p + 32. List the prime factors of o.
2, 13
Suppose -4*j = 69*j + 1590895 - 4751503. List the prime factors of j.
2, 3, 11, 41
Let i = 94 + -91. Suppose i*n - 2453 = -5*v - 0*v, 0 = 2*n + 8. What are the prime factors of v?
17, 29
Let s = -2411 - -4392. Let d = -1155 + s. What are the prime factors of d?
2, 7, 59
Let k be 2050/26 + (-30)/(-195) - 1. Suppose -k = -5*m + 1787. List the prime factors of m.
373
Let y = 20118 - 13290. List the prime factors of y.
2, 3, 569
Let j(v) = -28*v - 637. List the prime factors of j(-88).
3, 7, 29
Suppose 5*c + 3*p = 5*p - 694, 0 = -3*p - 9. Let u = c - -439. List the prime factors of u.
13, 23
Let b(g) = g**3 + 18*g**2 + g + 19. Let a be b(-18). Suppose 3*q + 3*u = -3, u - a + 2 = 0. Suppose q = -7*x + 2071 - 643. What are the prime factors of x?
2, 3, 17
Suppose 0 = m + 4*p + 22, 4*m - 2*m + 2*p = -14. Suppose 2*c + j + 43 = 3, 0 = -j + 2. What are the prime factors of 18384/126 + m/c?
2, 73
Let u = -2274 + 10373. List the prime factors of u.
7, 13, 89
Let u(n) = 3*n**2 + 100*n - 97. List the prime factors of u(-58).
5, 839
Let l(q) = q**3 - 22*q**2 + 40*q + 32. Let v be l(21). Suppose -161 = -4*s + v. What are the prime factors of s?
2, 37
Suppose 7721 = 13*b - 5838. Suppose -3439 + b = -4*n. List the prime factors of n.
599
Let o(f) = -47*f**3 + 13*f**2 + 77*f - 7. What are the prime factors of o(-5)?
2, 3, 11
Let z be 6/(-18) - 13/(-3). Suppose -x - 204 = -z*q, 0 = 3*x - 2*x. Suppose -h - 5*d - 11 = -q, 0 = -h - 2*d + 52. List the prime factors of h.
2, 3, 5
List the prime factors of 117/(-5)*-607 - (-35)/(1575/54).
3, 5, 947
Suppose -13*k - 1392 = -29*k. Let a(q) = 40*q - 4. Let x be a(4). Let v = x - k. What are the prime factors of v?
3, 23
Let d(l) = -362*l**3 - l**2 + 2*l + 1. Let w(t) = -362*t**3 - 2*t**2 + 2*t + 2. Let c(f) = -3*d(f) + 2*w(f). What are the prime factors of c(1)?
2, 3, 5
Suppose -2*j = -4*k + 2*k - 4, -5*j = 3*k - 10. Let g be 2 + (2 + -1 - j). What are the prime factors of (-1708)/(-12) + (g/(-3))/1?
2, 71
Let a(h) = 1377*h - 5015. List the prime factors of a(52).
17, 3917
Let d(i) = i**3 + 5*i**2 + 7*i + 1. Let r = -198 + 204. List the prime factors of d(r).
439
Let f be (2/(-4))/((-4)/(-64)*-1). List the prime factors of (9 + (-68)/f)*(889 + -1).
2, 3, 37
Let q = 36 - 32. Suppose 5*t + 18 = q*t. What are the prime factors of (-4)/t - 23961/(-189)?
127
Let b(k) = 16254*k**2 - 7*k - 8. List the prime factors of b(-1).
16253
Let a(d) = -19 + 10 - d + 14*d + 0*d - 88. What are the prime factors of a(18)?
137
Let a(y) = -4*y**2 - 67*y + 370. Let g(v) = v**2 + 22*v - 123. Let o(c) = -2*a(c) - 7*g(c). List the prime factors of o(31).
2, 3, 7, 11
Let s = -20 - -21. Suppose s = -0*n + n. What are the prime factors of (33 + n)*30/12?
5, 17
Suppose -30 = -22*j + 28*j. Let w(s) = -8*s**3 + 4*s**2 - 8*s - 14. List the prime factors of w(j).
2, 563
Let f = 67 + -65. What are the prime factors of 124 - (f/6 + (-25)/75)?
2, 31
Let g = -50 - -209. Let m be (-48)/(-8) - (-2)/(-2). Suppose g = m*u + 14. List the prime factors of u.
29
Let g be (2 - 4/(-1)) + (2 - 3). Suppose -3*m + g*w = w + 5, m - 15 = -2*w. List the prime factors of 96 + m + -